 of 159 and 106?
53
Calculate the highest common divisor of 984 and 533.
41
Calculate the highest common divisor of 325 and 13.
13
What is the greatest common factor of 350 and 658?
14
Calculate the greatest common divisor of 34485 and 3.
3
What is the highest common divisor of 26 and 286?
26
Calculate the greatest common factor of 192 and 72.
24
Calculate the greatest common divisor of 242 and 22.
22
What is the greatest common factor of 26 and 299?
13
Calculate the greatest common divisor of 50 and 2930.
10
Calculate the greatest common divisor of 456 and 96.
24
Calculate the highest common divisor of 168 and 84.
84
Calculate the highest common factor of 286 and 9867.
143
Calculate the highest common factor of 68 and 1139.
17
Calculate the greatest common divisor of 66 and 450.
6
What is the highest common divisor of 1131 and 87?
87
Calculate the highest common factor of 702 and 52.
26
Calculate the highest common divisor of 9 and 496.
1
Calculate the highest common divisor of 30 and 450.
30
What is the highest common factor of 42 and 5187?
21
What is the greatest common divisor of 300 and 480?
60
Calculate the highest common factor of 1645 and 700.
35
Calculate the greatest common factor of 9432 and 72.
72
Calculate the highest common divisor of 276 and 1748.
92
What is the greatest common divisor of 221 and 17?
17
Calculate the highest common divisor of 30 and 255.
15
What is the greatest common divisor of 55 and 2167?
11
What is the greatest common factor of 80 and 4736?
16
What is the highest common divisor of 186 and 6?
6
What is the greatest common factor of 159 and 3?
3
What is the greatest common divisor of 60 and 460?
20
Calculate the highest common factor of 235 and 329.
47
Calculate the highest common factor of 23 and 46.
23
What is the highest common divisor of 2553 and 69?
69
What is the greatest common factor of 74 and 6142?
74
What is the highest common factor of 285 and 171?
57
Calculate the highest common divisor of 252 and 11376.
36
What is the greatest common divisor of 120 and 330?
30
Calculate the highest common factor of 8822 and 11.
11
Calculate the greatest common divisor of 672 and 28.
28
What is the highest common divisor of 399 and 228?
57
What is the highest common factor of 26 and 2119?
13
Calculate the greatest common divisor of 25 and 120.
5
Calculate the greatest common divisor of 26 and 169.
13
Calculate the highest common divisor of 592 and 16.
16
What is the greatest common divisor of 156 and 26?
26
What is the greatest common factor of 180 and 300?
60
Calculate the greatest common factor of 17 and 493.
17
What is the highest common factor of 104 and 184?
8
What is the greatest common factor of 105 and 63?
21
Calculate the highest common factor of 23 and 161.
23
What is the highest common factor of 20 and 1880?
20
What is the highest common factor of 63 and 168?
21
Calculate the highest common factor of 76 and 2869.
19
What is the greatest common factor of 880 and 1155?
55
What is the highest common divisor of 1173 and 414?
69
What is the highest common divisor of 29 and 2?
1
What is the highest common factor of 19320 and 72?
24
Calculate the greatest common factor of 48 and 348.
12
Calculate the highest common factor of 11881 and 109.
109
What is the highest common divisor of 1494 and 18?
18
What is the highest common factor of 3 and 143?
1
What is the greatest common divisor of 88448 and 128?
128
Calculate the greatest common divisor of 2046 and 462.
66
What is the greatest common factor of 638 and 58?
58
Calculate the highest common factor of 119 and 7.
7
What is the highest common divisor of 204 and 7089?
51
What is the greatest common divisor of 92 and 44?
4
What is the highest common factor of 1053 and 13?
13
What is the highest common divisor of 10605 and 45?
15
Calculate the greatest common factor of 30 and 1620.
30
What is the greatest common factor of 22 and 7876?
22
Calculate the greatest common factor of 18657 and 54.
27
Calculate the highest common factor of 35 and 55.
5
Calculate the highest common factor of 187 and 22.
11
Calculate the greatest common divisor of 12 and 4908.
12
What is the highest common factor of 33 and 1?
1
Calculate the highest common factor of 150 and 18.
6
What is the greatest common divisor of 5 and 5?
5
What is the highest common divisor of 26970 and 15?
15
Calculate the highest common factor of 221 and 5.
1
What is the highest common factor of 178 and 25721?
89
What is the highest common divisor of 290 and 87?
29
Calculate the highest common divisor of 48 and 256.
16
What is the highest common factor of 52 and 220?
4
Calculate the highest common factor of 36 and 25.
1
What is the highest common divisor of 15 and 249?
3
What is the greatest common divisor of 465 and 15?
15
What is the greatest common factor of 15 and 165?
15
Calculate the highest common divisor of 620 and 160.
20
What is the greatest common factor of 21 and 303?
3
Calculate the greatest common divisor of 44 and 440.
44
Calculate the highest common factor of 2 and 86.
2
What is the highest common divisor of 25 and 4?
1
What is the highest common divisor of 84 and 1512?
84
What is the highest common divisor of 168 and 16?
8
Calculate the greatest common factor of 343 and 21.
7
What is the greatest common divisor of 7667 and 187?
187
Calculate the highest common factor of 1958 and 110.
22
Calculate the greatest common factor of 36 and 276.
12
Calculate the highest common factor of 224 and 140.
28
Calculate the highest common divisor of 6 and 384.
6
What is the highest common divisor of 26 and 130?
26
Calculate the highest common divisor of 772 and 11387.
193
What is the highest common factor of 7261 and 159?
53
Calculate the greatest common factor of 48 and 176.
16
What is the highest common divisor of 3838 and 38?
38
What is the greatest common factor of 72 and 117?
9
What is the highest common divisor of 1 and 131?
1
What is the greatest common divisor of 4485 and 23?
23
Calculate the highest common divisor of 34 and 68.
34
What is the greatest common divisor of 4 and 764?
4
Calculate the greatest common factor of 234 and 324.
18
Calculate the highest common factor of 2 and 196.
2
Calculate the greatest common divisor of 297 and 3399.
33
Calculate the greatest common divisor of 35 and 105.
35
Calculate the highest common factor of 17 and 306.
17
Calculate the highest common divisor of 6 and 33.
3
What is the greatest common divisor of 2709 and 63?
63
Calculate the highest common factor of 6498 and 90.
18
Calculate the highest common factor of 221 and 68.
17
What is the greatest common divisor of 6767 and 67?
67
Calculate the highest common factor of 40 and 208.
8
What is the greatest common divisor of 15 and 2025?
15
Calculate the highest common factor of 195 and 156.
39
Calculate the highest common divisor of 126 and 18.
18
Calculate the highest common factor of 22750 and 25.
25
Calculate the highest common factor of 2508 and 2356.
76
What is the highest common factor of 12 and 172?
4
Calculate the greatest common factor of 206 and 39964.
206
Calculate the highest common divisor of 30 and 102.
6
What is the greatest common factor of 7826 and 364?
182
Calculate the highest common divisor of 369 and 18.
9
What is the greatest common factor of 99 and 957?
33
Calculate the greatest common divisor of 2792 and 8.
8
Calculate the greatest common factor of 200 and 13600.
200
Calculate the greatest common divisor of 14 and 7406.
14
Calculate the highest common factor of 1649 and 34.
17
Calculate the highest common divisor of 3901 and 94.
47
What is the greatest common divisor of 255 and 15?
15
What is the greatest common factor of 351 and 234?
117
Calculate the greatest common divisor of 27 and 27.
27
Calculate the greatest common factor of 200 and 30.
10
What is the highest common divisor of 99 and 132?
33
What is the greatest common divisor of 33 and 7953?
33
What is the highest common factor of 27 and 9?
9
What is the highest common factor of 182 and 1001?
91
What is the highest common divisor of 161 and 7?
7
What is the highest common factor of 12 and 648?
12
What is the greatest common divisor of 1088 and 476?
68
Calculate the greatest common divisor of 456 and 399.
57
What is the highest common facto